 and 23491?
139
Calculate the greatest common divisor of 2190 and 670.
10
What is the greatest common divisor of 728 and 29432?
104
Calculate the highest common divisor of 77 and 1221.
11
Calculate the highest common factor of 62790 and 420.
210
What is the highest common factor of 47 and 133386?
47
Calculate the greatest common divisor of 30 and 7604280.
30
Calculate the greatest common factor of 23 and 15985.
23
What is the highest common divisor of 7997 and 23089?
11
Calculate the greatest common factor of 372077 and 19.
19
What is the greatest common factor of 3380 and 62764?
52
What is the highest common factor of 164118 and 68?
34
Calculate the greatest common divisor of 34 and 662983.
17
Calculate the highest common factor of 86 and 1030.
2
Calculate the highest common factor of 1002136 and 2082.
694
What is the greatest common divisor of 255 and 62560?
85
Calculate the highest common divisor of 129487 and 31.
31
What is the greatest common factor of 1995 and 8113?
133
What is the highest common factor of 4 and 23728?
4
What is the highest common factor of 3258291 and 57?
57
What is the highest common factor of 112814 and 234?
26
Calculate the highest common divisor of 148 and 9074916.
148
What is the highest common factor of 60314 and 18?
2
Calculate the greatest common divisor of 9331 and 26488.
301
What is the greatest common divisor of 20473 and 52744?
347
What is the greatest common divisor of 64746 and 1122?
66
Calculate the highest common factor of 3380 and 300651.
169
What is the highest common factor of 222 and 6114?
6
What is the highest common factor of 50 and 27675?
25
What is the greatest common divisor of 45291 and 279?
93
Calculate the highest common divisor of 12096 and 31212.
108
Calculate the greatest common divisor of 583 and 31504.
11
What is the highest common factor of 4635479 and 1283?
1283
What is the highest common factor of 8866 and 9152?
286
What is the greatest common factor of 338 and 2600?
26
What is the highest common divisor of 771 and 14135?
257
Calculate the greatest common divisor of 3285 and 3139.
73
Calculate the greatest common divisor of 66157 and 819.
91
What is the highest common divisor of 90684 and 3435?
687
Calculate the greatest common divisor of 190309 and 124.
31
Calculate the highest common factor of 766 and 2142885.
383
Calculate the highest common divisor of 8 and 2189516.
4
Calculate the highest common divisor of 16425 and 1350.
225
Calculate the greatest common divisor of 77055 and 16812.
1401
What is the greatest common factor of 1037 and 2329?
17
Calculate the greatest common factor of 9 and 3459.
3
Calculate the highest common divisor of 38 and 198227.
19
What is the highest common factor of 169 and 44057?
13
What is the greatest common factor of 3640 and 48?
8
What is the greatest common factor of 3755 and 45?
5
Calculate the highest common divisor of 324 and 2453868.
108
Calculate the highest common factor of 2943 and 48287.
109
Calculate the greatest common divisor of 1820 and 92560.
260
Calculate the highest common divisor of 810704 and 253.
23
What is the highest common factor of 161236 and 1398?
466
Calculate the highest common divisor of 8505 and 21.
21
Calculate the highest common divisor of 46358 and 676.
26
Calculate the greatest common divisor of 1474 and 2839661.
737
What is the highest common factor of 87237 and 5744?
359
What is the greatest common divisor of 430080 and 357?
21
What is the greatest common divisor of 4123 and 35805?
217
Calculate the greatest common divisor of 312 and 35784.
24
What is the highest common divisor of 2189 and 1606?
11
What is the greatest common factor of 16694 and 1598?
34
What is the highest common factor of 443 and 5444913?
443
Calculate the greatest common divisor of 16913764 and 28.
28
Calculate the highest common factor of 11160 and 1560.
120
Calculate the highest common factor of 4838 and 19598.
82
Calculate the greatest common divisor of 278 and 171526.
278
What is the highest common divisor of 20996 and 116?
116
What is the highest common divisor of 4 and 64184?
4
Calculate the highest common factor of 6517 and 202958.
931
What is the highest common divisor of 1038 and 3288?
6
What is the greatest common factor of 5 and 37847?
1
Calculate the greatest common factor of 22605 and 66.
33
What is the highest common factor of 25536 and 8400?
336
Calculate the greatest common factor of 140 and 19915.
35
Calculate the highest common factor of 93 and 6243183.
93
Calculate the greatest common divisor of 3122417 and 2998.
1499
Calculate the highest common divisor of 138 and 2616227.
23
Calculate the greatest common factor of 75 and 171525.
75
Calculate the greatest common divisor of 3654 and 152859.
609
Calculate the highest common divisor of 5454 and 8559.
27
What is the greatest common divisor of 17425 and 340?
85
Calculate the greatest common factor of 484 and 184283.
121
Calculate the greatest common divisor of 2144 and 45158.
134
What is the highest common divisor of 40 and 10523060?
20
What is the greatest common factor of 658 and 9494?
94
What is the greatest common factor of 1424 and 54224?
16
What is the greatest common divisor of 3424 and 240536?
856
Calculate the greatest common divisor of 42084 and 76608.
252
What is the greatest common divisor of 108 and 136098?
18
Calculate the highest common divisor of 397 and 6.
1
Calculate the highest common divisor of 4160 and 1360.
80
What is the highest common factor of 766 and 49407?
383
What is the highest common factor of 32 and 101488?
16
What is the highest common divisor of 36440 and 120?
40
What is the highest common factor of 926852 and 556?
556
Calculate the highest common factor of 58707 and 27.
9
What is the highest common divisor of 49 and 367941?
49
What is the highest common factor of 1430 and 4510?
110
Calculate the greatest common divisor of 39 and 16913.
13
What is the highest common factor of 80612 and 896?
28
What is the greatest common divisor of 13545 and 372165?
645
Calculate the highest common divisor of 281 and 4606152.
281
Calculate the highest common factor of 3699 and 275507.
137
What is the greatest common divisor of 28974 and 2706?
66
Calculate the greatest common factor of 282 and 72.
6
Calculate the greatest common divisor of 583 and 446843.
53
Calculate the greatest common factor of 32802 and 28.
14
What is the greatest common divisor of 10 and 36070?
10
What is the greatest common divisor of 354 and 196942?
118
Calculate the highest common factor of 6071 and 91.
13
Calculate the highest common factor of 31104 and 2916.
972
What is the greatest common divisor of 936 and 2124?
36
Calculate the greatest common factor of 62577 and 5967.
153
Calculate the highest common divisor of 297 and 48807.
99
What is the highest common factor of 7380 and 19065?
615
What is the highest common factor of 1121658 and 1065?
213
Calculate the greatest common divisor of 59232 and 6.
6
Calculate the greatest common factor of 272845 and 8865.
985
What is the greatest common factor of 196 and 644?
28
What is the highest common divisor of 1200 and 16050?
150
What is the highest common divisor of 96612 and 12?
12
What is the highest common factor of 949 and 10001?
73
What is the greatest common factor of 1100493 and 18?
9
What is the greatest common factor of 230770 and 4653?
47
Calculate the highest common divisor of 62829 and 30186.
351
Calculate the greatest common factor of 1407 and 1052905.
469
Calculate the highest common factor of 478208 and 768.
256
What is the highest common divisor of 3112550 and 105?
35
Calculate the highest common divisor of 630 and 2125620.
630
Calculate the greatest common divisor of 4836 and 30132.
372
Calculate the greatest common factor of 432058 and 4510.
902
Calculate the highest common divisor of 1372 and 287.
7
Calculate the highest common divisor of 22 and 211706.
22
Calculate the greatest common divisor of 13264 and 22.
2
What is the greatest common factor of 46 and 330142?
46
What is the greatest common factor of 149860 and 24780?
1180
What is the greatest common factor of 30 and 19374?
6
Calculate the highest common factor of 8789 and 74052.
187
What is the greatest common divisor of 7304 and 3564?
44
Calculate the highest common facto